et p(h) = -2*h**3 + 512*h**2 - 2077*h + 15378. Calculate p(252).
6
Let g(h) = -3*h**2 - 224*h - 4706. Determine g(-61).
-2205
Let i(n) = 1041*n + 409412. What is i(-393)?
299
Let o(d) = 7*d**2 + 329*d + 1496. Calculate o(-42).
26
Let q(s) = -6363*s - 69924. Determine q(-11).
69
Let c(v) = 40798*v - 81607. Give c(2).
-11
Let u(x) = -7085*x + 49630. Determine u(7).
35
Let u(j) = 89379*j + 5899019. Calculate u(-66).
5
Let m(t) = 34*t - 125. Calculate m(-15).
-635
Let b(l) = -l**3 - 47*l**2 - 2088*l - 75644. Determine b(-41).
-122
Let h(o) = 353*o + 743. Give h(-2).
37
Let p(d) = -250123*d + 6. What is p(0)?
6
Let m(q) = 2*q**3 - 26*q**2 + 10790*q - 140270. Determine m(13).
0
Let l(w) = -25384*w + 50764. What is l(2)?
-4
Let p(v) = -4109*v - 27129. Calculate p(-6).
-2475
Let v(l) = 78082*l - 468496. Determine v(6).
-4
Let h(c) = -26*c**2 + 1079*c - 10724. Give h(25).
1
Let w(q) = q**3 + 80*q**2 + 226*q - 25589. Determine w(-72).
-389
Let z(p) = -3*p**2 - 6877*p + 34449. What is z(5)?
-11
Let m(y) = 10*y**2 - 2483*y - 685. What is m(248)?
-1429
Let d(t) = t**3 - 63*t**2 - 107*t + 2537. Give d(64).
-215
Let z(l) = l**2 - 63769*l + 956305. Calculate z(15).
-5
Let b(a) = 15*a**2 - 501*a + 1879. Calculate b(29).
-35
Let t(p) = 1353*p + 18839. Give t(-14).
-103
Let g(z) = -4*z**2 + 459*z - 2841. Calculate g(7).
176
Let w(v) = -4*v**2 + 468*v - 7497. What is w(95)?
863
Let q(n) = n**2 + 83*n + 248. Calculate q(-89).
782
Let z(d) = 4934*d + 5175768. Give z(-1049).
2
Let l(n) = -3*n**3 + 7*n**2 + 1338*n - 5309. Give l(4).
-37
Let z(j) = -13530*j - 54602. Calculate z(-4).
-482
Let p(h) = 20*h**2 + 262*h + 626. Calculate p(-9).
-112
Let x(h) = 1446*h + 177894. Determine x(-123).
36
Let g(w) = -637*w**3 + w**2 - 74*w + 74. Give g(1).
-636
Let t(f) = 4*f**3 + 702*f**2 - 352*f + 490. What is t(-176)?
490
Let u(w) = -9*w**2 - 619*w + 14145. What is u(23)?
-4853
Let s(j) = j**3 + 176*j**2 + 7710*j + 156. Calculate s(-94).
-32
Let n(c) = -834*c**2 - 1598*c - 1599. What is n(-1)?
-835
Let c(r) = -10*r**3 - 1862*r**2 - 360*r + 648. What is c(-186)?
-1584
Let k(o) = 2*o**2 + 4*o - 224. What is k(-10)?
-64
Let z(o) = 2*o**3 - 101*o**2 - 169*o + 1286. Calculate z(52).
610
Let f(y) = 17718*y - 17556. Determine f(1).
162
Let h(b) = -2*b**2 - 547*b - 21305. Calculate h(-38).
-3407
Let o(v) = 4*v**2 + 4259*v + 8505. Calculate o(-2).
3
Let u(x) = x**3 + 12*x**2 - 2478*x - 34277. Calculate u(-14).
23
Let n(t) = 10*t**2 - 399*t - 1740. Determine n(45).
555
Let c(h) = 26380*h + 263796. Give c(-10).
-4
Let v(u) = -u**3 + 31*u**2 + 102*u - 154. Give v(34).
-154
Let f(c) = 3376*c + 894602. Determine f(-265).
-38
Let x(u) = -u**3 - 17*u**2 + 7755*u + 182091. Determine x(-24).
3
Let d(l) = 1213370*l - 13347059. Determine d(11).
11
Let h(i) = -18821*i - 376428. Give h(-20).
-8
Let l(z) = -256*z**2 - 26416*z - 4958. Give l(-103).
-14
Let f(z) = -z**2 - 988*z + 61795. What is f(59)?
22
Let z(l) = -4*l**2 + 618*l + 5917. Calculate z(-9).
31
Let n(c) = -16340*c - 3839908. What is n(-235)?
-8
Let i(c) = -1091759*c - 10917597. Determine i(-10).
-7
Let t(q) = 9*q**2 + 336*q - 785. Give t(-40).
175
Let n(r) = -16699*r + 2655143. What is n(159)?
2
Let h(m) = 1925*m**2 - 127*m + 17. Determine h(1).
1815
Let p(x) = x**3 - 2*x**2 + 84*x - 206. Give p(6).
442
Let x(y) = 513326*y - 1026645. Determine x(2).
7
Let x(l) = -1674649*l - 11722558. What is x(-7)?
-15
Let q(d) = d**2 + 463*d + 36525. What is q(-101)?
-37
Let w(t) = 3255*t + 7937. Calculate w(-3).
-1828
Let n(y) = y**2 + 992*y - 77582. Determine n(73).
163
Let q(o) = -110*o + 3510. Give q(32).
-10
Let m(d) = d**3 - 20*d**2 + 89*d + 88. Determine m(21).
2398
Let u(x) = 104656*x + 627780. Give u(-6).
-156
Let j(v) = -241*v + 163119. What is j(677)?
-38
Let n(r) = -r**3 - 24*r**2 - 304*r - 3505. Determine n(-18).
23
Let n(l) = 13932*l + 320451. What is n(-23)?
15
Let n(b) = 4*b**2 - 4152*b - 222120. Calculate n(1089).
36
Let j(x) = -32*x**3 + 158*x**2 + 4*x - 13. What is j(5)?
-43
Let m(s) = -s**2 - 122*s - 3653. Give m(-53).
4
Let f(w) = -5632*w + 39591. Calculate f(7).
167
Let r(n) = -43667*n + 130932. Calculate r(3).
-69
Let h(y) = -y**3 + 3*y**2 - 73*y + 36. What is h(0)?
36
Let x(z) = z**2 + 3355*z + 53426. Determine x(-16).
2
Let j(s) = -31*s**2 + 590*s - 18. What is j(19)?
1
Let i(k) = 2*k**3 + 35*k**2 + 375*k + 5305. Determine i(-16).
73
Let w(q) = 2*q**3 + 77*q**2 - 772*q - 106. What is w(9)?
641
Let r(k) = 2*k**3 - 54*k**2 - 23*k + 550. Give r(27).
-71
Let p(a) = 6*a**3 - 216*a**2 - 6*a + 711. What is p(36)?
495
Let d(i) = 51767*i - 621198. Calculate d(12).
6
Let z(f) = -2*f**3 + 15*f**2 + 1612*f - 7990. What is z(5)?
195
Let s(l) = 36*l**2 - 1070*l - 354. Determine s(30).
-54
Let j(l) = l**3 + 4*l**2 - 13*l + 8410. Give j(-22).
-16
Let p(y) = -418*y**2 + 10410*y + 62. Determine p(25).
-938
Let j(i) = -9*i**2 + 741*i - 967. Calculate j(81).
5
Let n(f) = 2*f**3 + 34*f**2 + 68*f + 342. Calculate n(-13).
810
Let p(t) = -64784*t + 1425245. Calculate p(22).
-3
Let b(f) = 98*f**2 - 182*f - 570. Calculate b(-3).
858
Let o(u) = 7326*u - 461500. Determine o(63).
38
Let y(b) = 2*b**2 - 62*b + 720. What is y(19)?
264
Let x(p) = p**3 + p**2 + 76*p - 137. Calculate x(11).
2151
Let w(a) = 2*a**2 + 270988*a - 1354991. Determine w(5).
-1
Let w(n) = -n**2 - 121814*n + 730903. What is w(6)?
-17
Let w(t) = -46*t**2 - 1174*t + 3124. Calculate w(-28).
-68
Let v(g) = 999*g + 42341. Determine v(-42).
383
Let q(f) = 51*f**2 - 47*f - 290. Determine q(-5).
1220
Let r(z) = 12*z - 206. Determine r(56).
466
Let t(m) = -m**2 + 312*m - 11788. Determine t(44).
4
Let a(v) = -3*v**3 + 285*v**2 - 21*v + 2038. Calculate a(95).
43
Let y(c) = 10*c**2 - 1390*c + 14072. Determine y(11).
-8
Let h(b) = b**3 - 78*b**2 - 646*b - 3621. Determine h(86).
-9
Let z(o) = -122907*o - 368714. Determine z(-3).
7
Let d(u) = -u**3 + 144*u**2 - 143*u - 107. What is d(143)?
-107
Let b(q) = 285*q + 922. Determine b(-5).
-503
Let p(t) = 322*t**2 + 50*t - 37. Calculate p(0).
-37
Let r(v) = v**3 + 12*v**2 - 175*v - 1971. Calculate r(-12).
129
Let p(y) = -185*y**2 - 15175*y - 418. Determine p(-82).
-8
Let v(w) = 4*w**2 + 838*w + 2476. Determine v(-3).
-2
Let z(b) = b**3 - 41*b**2 + 337*b - 206. Give z(30).
4
Let u(j) = -90*j + 5970. Calculate u(66).
30
Let a(b) = 60790*b + 121677. Determine a(-2).
97
Let s(j) = 5*j**3 - 81*j**2 + 266*j - 77. What is s(4)?
11
Let j(x) = -5272*x - 1069959. Calculate j(-203).
257
Let p(t) = t**2 - 462*t + 13322. Give p(31).
-39
Let x(q) = 3448*q**2 - 75923*q + 1468. What is x(22)?
-6
Let h(l) = 39*l**2 + 360*l - 763. What is h(-11)?
-4
Let b(w) = w**3 + 4*w**2 + 5967*w + 60322. Give b(-10).
52
Let n(b) = b**3 + 27*b**2 - 6118*b - 106892. Give n(-17).
4
Let n(c) = 10*c**3 + 65*c**2 - 1164*c - 7161. Give n(-6).
3
Let i(b) = 157*b - 2110. Calculate i(13).
-69
Let o(w) = 4450*w + 618591. Calculate o(-139).
41
Let a(t) = -7*t**3 + 4*t**2 + 282*t + 288. Calculate a(-1).
17
Let u(n) = -7*n**2 - 405*n - 368. What is u(-58)?
-426
Let o(u) = -u**2 + 354907*u - 4613608. What is o(13)?
14
Let k(i) = -636*i + 12572. What is k(18)?
1124
Let y(p) = 3*p**2 + 1269*p + 72422. Calculate y(-68).
2
Let n(k) = 32*k**2 - 30171*k - 4719. What is n(943)?
-4
Let k(f) = 4*f**3 + 80*f**2 + 55*f + 111. What is k(-19)?
510
Let t(b) = -66*b**2 - 22468*b + 104170. Determine t(-345).
-20
Let v(z) = z**2 + 8967*z - 2200213. Give v(239).
21
Let r(l) = l**3 + 29*l**2 + 187*l + 4052. What is r(-28)?
-400
Let w(p) = -18276*p - 127902. What is w(-7)?
30
Let f(m) = 17*m**2 + 2953*m - 6861. Calculate f(-176).
3
Let m(h) = -h**2 + 1909*h - 13315. Calculate m(7).
-1
Let m(g) = -3*g**3 + 428*g**2 - 137*g - 20818. Determine m(142).
56
Let x(c) = 16491*c + 2819958. What is x(-171)?
-3
Let o(w) = -w**3 + 217*w**2 + 7136*w - 632. Give o(246).
-140
Let y(p) = -4*p**3 + 116*p**2 - 7*p - 240. Calculate y(29).
-443
Let l(m) = -4952*m + 331769. Calculate l(67).
-15
Let h(s) = 6385*s - 217084. What is h(34)?
6
Let s(p) = p**2 + 901*p + 138478. Give s(-197).
-210
Let n(h) = 2*h**2 + 295*h - 19446. Determine n(54).
2316
Let w(n) = -1534796*n + 9208769. What is w(6)?
-7
Let r(h) = -h**3 + 356*h**2 + 4206*h + 77282. Calculate r(368).
2
Let y(p) = -4*p**3 - 150*p**2 - 373*p + 3511. What is y(-34)?
9
Let p(d) = -5*d